- 6*d, 4*d = -3*i + 307009. Is i composite?
True
Is -24 - -20 - (-411868 + -1) a prime number?
False
Let y(g) = g**2 + 2*g + 12. Suppose 4*o + 2*s - 20 = 0, -5*o + 6*s - s = -25. Let x be y(o). Let n = x + 540. Is n a prime number?
True
Suppose 5*v - 21977 = -d, -4*d + 6*v + 88046 = 3*v. Is d a prime number?
False
Let k = -95906 - -152427. Is k prime?
False
Let a = -395 - -433. Suppose a*v = 37*v + 10061. Is v a composite number?
False
Let d be (-16)/(-24) + 2/3*8. Is (39248/40)/(d/15) a composite number?
True
Let r = -8077 + 27384. Let u = -10888 + r. Is u composite?
False
Let h(q) = q**3 - 10*q**2 + 7*q + 10. Let z be h(9). Let y be 31/(-2)*5256*(9 - 10). Is z/20 + y/20 composite?
False
Suppose -2862*y + 2891*y = 777229. Is y composite?
False
Let p(v) = -v**2 - 4*v - 3. Let s be p(-3). Is 0 + -4 - s - -101 a prime number?
True
Let t(h) = 1829*h - 15 + h**2 - 1824*h - 34. Let q be ((-16)/(-6))/(4/(-30)). Is t(q) prime?
True
Let p(c) = 12*c**3 + 27*c**2 + 75*c - 173. Is p(14) prime?
True
Let c(b) = -b**3 + 2*b**2 + 2*b - 1. Let p be 20/10 + 0/(-1). Let x be c(p). Is ((-106)/x)/((-6)/279) a composite number?
True
Suppose 2*j - 5401 = -g, -4*j - 4*g = -j - 8109. Suppose 0 = -2*v + 8463 + j. Is v a composite number?
False
Suppose -5*j - 15 = -0, 17791 = 2*a - j. Suppose 4*k = 23 - 7. Suppose 3*f + 9*q = 8*q + a, k*f - 11872 = -4*q. Is f composite?
False
Let j(u) = 2917*u**2 - 20*u + 15. Let z be j(-9). Suppose -23*b + 98017 + z = 0. Is b a prime number?
True
Suppose -67671 = -3*m + 3*a + 57045, -4*m = 4*a - 166344. Is m a composite number?
False
Let k = 869283 - 581498. Is k a prime number?
False
Is 998795/7*(1 - 0) a prime number?
False
Suppose 176790 = 2*m - 3*q, 5*q = m - 46336 - 42066. Suppose m - 7941 = 9*t. Is t prime?
False
Let k = -55793 - -122086. Is k prime?
True
Let m(k) = -1176*k - 7 + 0 + 581*k + 638*k**2 + 586*k. Is m(-6) a prime number?
False
Let c be ((-8)/(-6))/(10/(-30)). Let s be c/1*(-381)/2. Suppose -3*a + 0*a = -s. Is a a composite number?
True
Let w(p) = -p**3 + 52*p**2 + 72*p - 42. Is w(53) a prime number?
False
Let l(m) = 636*m**2 - 69*m - 64. Is l(-5) prime?
False
Let u = -69871 + 109692. Is u a composite number?
False
Suppose -2*r + 48 = 4*d, -3*d - 5 = -5*r - 15. Is ((-1)/3)/(d/(-67380)) a composite number?
True
Let m(f) = 17*f**2 + 3*f + 157. Is m(-15) prime?
False
Let w(s) = -140*s**3 + 2*s**2 + 65*s - 10. Is w(-9) a prime number?
True
Suppose 181*n - 2781110 = 171*n. Is n a composite number?
False
Let y(t) = -t + 1. Let w(j) = -897*j**2 + 17*j + 36. Let s(x) = -w(x) + 3*y(x). Is s(-2) prime?
False
Let w be (-3)/(-5) - (1 - (-68)/(-20)). Suppose 0 = w*g - 14864 + 779. Suppose -g = -26*d + 21*d. Is d a prime number?
False
Let o be 74/((-2)/2 - (-32)/31). Suppose -4*p - 3*l = -4590, -2*l + o = 2*p - 0*p. Is p a prime number?
False
Let j = -218312 - -366019. Is j a composite number?
True
Let o(w) = 33*w - 18. Let a be o(1). Is (-5)/(a/2721)*-5 prime?
False
Let w(s) be the third derivative of -17*s**6/120 - 19*s**5/60 + 67*s**4/24 - 4*s**3/3 - 141*s**2 - 2. Is w(-11) composite?
False
Let n(d) = -d**3 + 11*d**2 - 16*d - 10. Let z be n(9). Suppose z*r - 6*r - 947 = -a, -r = -4*a + 3806. Is a composite?
True
Let m(b) = -2501*b - 3. Let s = 362 - 366. Is m(s) a composite number?
True
Suppose 0 = -r - 4*f + 25673, -32772 + 7104 = -r - 5*f. Is r composite?
False
Suppose -116*j - 20*j - 27*j + 6438337 = 0. Is j a prime number?
True
Let g(z) = 3*z**3 + z**2. Let o be g(1). Suppose y - 13 = -2*a + 2*y, o*a - 3*y - 29 = 0. Suppose 0 = -a*l + 861 + 994. Is l prime?
False
Let k(i) = 2*i - 1. Let j(h) = 474*h - 28. Let g(s) = j(s) - 5*k(s). Is g(2) a prime number?
False
Let h be (-58)/6 - (13/3 - 4). Is (-8)/h*-1 - (-263380)/100 a composite number?
False
Let y(a) = 29*a - 58. Let z be y(14). Let g = z - -233. Is g a composite number?
True
Let v = 29249 - 22896. Is v composite?
False
Suppose -5 = 14*b - 9*b, 4*u - 142089 = 5*b. Is u composite?
False
Suppose y - 1 = -3*g, 5*g - y - 1 = -2*y. Is (-6022)/(-4)*2 - g composite?
False
Let s = -7 + 11. Suppose 4*i - 24021 = -3*f, -5*i + 30035 = -7*f + 9*f. Suppose -s*y = -7*y + i. Is y composite?
False
Suppose 4*s + 6*s + 300 = 0. Let r be (4/10)/((-6)/s). Suppose -1 - 7 = -4*x, 2*x = -r*v + 1146. Is v a composite number?
False
Let t be (-40)/(-60) + 32/6. Let q(m) be the third derivative of 71*m**4/24 + 17*m**3/6 - 3*m**2. Is q(t) composite?
False
Suppose -5*c + 4*s - 52 = -7*c, 2*c - 66 = 3*s. Suppose 6311 = c*b - 7879. Is b composite?
True
Let u be (0 + 0)*5/10. Suppose 4*t - 3*t = u. Suppose t = 5*b + 159 - 734. Is b a composite number?
True
Suppose -95 - 31 = 2*b. Let k be 2 - 1 - (-93 - 3). Let w = b + k. Is w a composite number?
True
Suppose -1266*t + 1269*t - 5*x - 1297472 = 0, 0 = 5*t - 2*x - 2162409. Is t a composite number?
False
Suppose -d - w = -6*w + 23714, 0 = -2*d - 3*w - 47389. Is 25/(-30) + d/(-6) composite?
True
Let h = 74 - 81. Let t be (h/2 - -3)/(4/(-24)). Suppose -8*s + 125 = -t*s. Is s a prime number?
False
Let s be (4*2 + 2)*1/2. Suppose -5*w - 4*y + 834 = -267, -s*w + 1109 = -4*y. Is w a prime number?
False
Let u be ((-302)/(-6))/(2/(-6)). Let l be ((-6510)/(-49))/(-6)*-14. Let d = l + u. Is d a composite number?
True
Suppose -125488 + 1809241 = 4*y - 16219. Is y composite?
True
Let u = -389 - -393. Suppose 0 = u*d + 3*g - 25463, -42*d - 31790 = -47*d + 4*g. Is d a composite number?
True
Suppose 75*x + 76*x = 10255769. Is x a composite number?
True
Let s be 3/(-6)*34 - (2 + -3). Let t(v) = -286*v + 85. Is t(s) a composite number?
True
Suppose -5*w - 33 + 43 = 0. Suppose i + 5 = 0, 0 = 2*y + 3*y + w*i - 81445. Is y composite?
True
Let w = -3 - -6. Suppose -5*m + s - 372 = -w*s, 0 = -4*m - 5*s - 314. Let c = m + 189. Is c a prime number?
True
Suppose -2*u - 3 = -3*u. Let c(l) be the second derivative of l**5/4 + l**4/12 + l**3 - 5*l**2/2 - 792*l. Is c(u) prime?
True
Let h = -121 - -124. Suppose -h*x + 125 + 28 = 3*a, -x - 3*a = -61. Suppose 41*f = x*f - 9895. Is f a composite number?
False
Suppose 0 = -3*f - 19 + 28. Suppose -f*d - 745 = -5*h - 6*d, 4*h - 604 = -4*d. Let z = 195 + h. Is z prime?
False
Let r(y) = -3*y**2 + 25*y - 10. Let s be r(6). Let l be s/80 - (-468)/5. Is l/(1 - (-57)/(-59)) a prime number?
False
Suppose 4*v = 11*v - 105. Is 1 + 290769/12 + v/12 a composite number?
True
Suppose -11777 + 117 = -v - 1381. Is v a composite number?
True
Let f(b) be the first derivative of b**4/4 - 11*b**3 - 17*b**2/2 - 79*b - 254. Is f(40) a prime number?
False
Let y(g) = -g**2 + 9*g. Let r = -24 - -33. Let q be y(r). Suppose q = 2*j - 322 + 116. Is j a composite number?
False
Suppose -2*q = 5*a - 4529, 7227 = 3*q - 2*a + 481. Let m = -1003 + q. Is m a composite number?
False
Let u = 12 - 17. Let q(r) = -270*r - 1530 - 234*r + 1555. Is q(u) a composite number?
True
Suppose -22*i + 42*i = 19820. Let m = i - 80. Is m prime?
True
Let v(s) = 2619*s + 35. Let o(y) = y**2 - 4*y + 2. Let p be o(0). Is v(p) prime?
True
Let x be 14 + (-2)/3 + (-50)/15. Suppose 0 = 5*m + 3*k - 28880, -11*k + x*k + 28890 = 5*m. Is m a prime number?
True
Let l = -684127 - -972734. Is l composite?
True
Let q = 219 + -115. Let y = q + -68. Is ((-11)/3)/((-4)/y) prime?
False
Is 74097023/237 - 8/3 a prime number?
True
Let j = -1175 - -1177. Let g(m) = 43*m - 2 - 1 - 4. Is g(j) a prime number?
True
Let u(q) = 9*q**3 - 9*q**2 - 17*q + 12. Let t be u(6). Let s = t + 229. Is s prime?
True
Suppose 0 = o + 5*l + 3246, o - l + 3246 = -0*o. Suppose -15391 = -3*m - 6*j + 5*j, -j - 25641 = -5*m. Let u = m + o. Is u a composite number?
True
Suppose -8347964 = -45*g - 2261838 + 5810929. Is g prime?
False
Let r be (12/8)/((-9)/(-60)). Suppose -51567 = r*t - 182857. Is t prime?
False
Suppose -4*o = -0*o - 4. Let n(i) = i**2 - 24*i + 134. Let k be n(9). Is ((o - 0)*k)/((-2)/5458) a prime number?
True
Let t be (-4)/38 + 624/152. Suppose 0 = t*n + 4, 2*n = -v - n + 4850. Is v a prime number?
False
Suppose 0 = 5*w - 84 - 6. Is ((-6)/18)/((-2)/w) - -1316 a prime number?
True
Let j(g) be the third derivative of 19*g**5/60 + 31*g**4/12 + 4*g**3/3 - 5*g**2 + 2*g. Is j(-29) a prime number?
False
Let x(a) = 233*a**2 - 73*a - 61. Is x(-10) a prime number?
False
Suppose -j = -3*k + 297644, -257*k = -260*k - 2*j + 297665.